What is the tens digit of 255?
5
What is the hundreds digit of 79473?
4
What is the tens digit of 1141?
4
What is the units digit of 2136?
6
What is the hundreds digit of 2271?
2
What is the units digit of 533?
3
What is the hundreds digit of 316?
3
What is the thousands digit of 4591?
4
What is the tens digit of 48724?
2
What is the hundreds digit of 1342?
3
What is the tens digit of 9625?
2
What is the hundreds digit of 863?
8
What is the units digit of 251?
1
What is the thousands digit of 46652?
6
What is the ten thousands digit of 41138?
4
What is the units digit of 4463?
3
What is the hundreds digit of 20855?
8
What is the hundreds digit of 3899?
8
What is the units digit of 8360?
0
What is the thousands digit of 12068?
2
What is the units digit of 1580?
0
What is the ten thousands digit of 17975?
1
What is the tens digit of 1812?
1
What is the hundreds digit of 900?
9
What is the units digit of 15088?
8
What is the tens digit of 4839?
3
What is the thousands digit of 69290?
9
What is the tens digit of 1432?
3
What is the thousands digit of 2986?
2
What is the units digit of 63484?
4
What is the hundred thousands digit of 102158?
1
What is the hundreds digit of 2572?
5
What is the units digit of 2427?
7
What is the units digit of 3158?
8
What is the hundreds digit of 27105?
1
What is the units digit of 13773?
3
What is the hundreds digit of 18063?
0
What is the hundreds digit of 5876?
8
What is the tens digit of 2326?
2
What is the hundreds digit of 1101?
1
What is the ten thousands digit of 10792?
1
What is the tens digit of 864?
6
What is the hundreds digit of 41659?
6
What is the hundreds digit of 47452?
4
What is the thousands digit of 16766?
6
What is the thousands digit of 22293?
2
What is the thousands digit of 2280?
2
What is the thousands digit of 1384?
1
What is the ten thousands digit of 13420?
1
What is the hundreds digit of 325?
3
What is the tens digit of 3770?
7
What is the tens digit of 4467?
6
What is the hundreds digit of 4757?
7
What is the ten thousands digit of 25085?
2
What is the tens digit of 7102?
0
What is the tens digit of 24037?
3
What is the hundreds digit of 706?
7
What is the thousands digit of 2410?
2
What is the units digit of 15387?
7
What is the hundreds digit of 71841?
8
What is the hundreds digit of 2618?
6
What is the units digit of 395?
5
What is the thousands digit of 35308?
5
What is the tens digit of 217?
1
What is the units digit of 1202?
2
What is the thousands digit of 2714?
2
What is the units digit of 7139?
9
What is the ten thousands digit of 20067?
2
What is the tens digit of 7714?
1
What is the tens digit of 30172?
7
What is the tens digit of 26324?
2
What is the hundreds digit of 2290?
2
What is the tens digit of 1073?
7
What is the thousands digit of 108791?
8
What is the tens digit of 18969?
6
What is the thousands digit of 30908?
0
What is the tens digit of 54505?
0
What is the units digit of 5249?
9
What is the thousands digit of 3387?
3
What is the thousands digit of 2045?
2
What is the thousands digit of 10405?
0
What is the units digit of 28972?
2
What is the tens digit of 238?
3
What is the tens digit of 32498?
9
What is the units digit of 111464?
4
What is the thousands digit of 82811?
2
What is the hundreds digit of 2756?
7
What is the thousands digit of 129899?
9
What is the hundreds digit of 75089?
0
What is the thousands digit of 6066?
6
What is the thousands digit of 5128?
5
What is the units digit of 26422?
2
What is the units digit of 66742?
2
What is the tens digit of 2303?
0
What is the hundreds digit of 9675?
6
What is the units digit of 2647?
7
What is the units digit of 14136?
6
What is the thousands digit of 2469?
2
What is the ten thousands digit of 42275?
4
What is the ten thousands digit of 12074?
1
What is the units digit of 435?
5
What is the tens digit of 30?
3
What is the units digit of 50896?
6
What is the thousands digit of 1213?
1
What is the tens digit of 3440?
4
What is the hundreds digit of 47518?
5
What is the hundreds digit of 508?
5
What is the tens digit of 2794?
9
What is the tens digit of 1779?
7
What is the tens digit of 32052?
5
What is the hundreds digit of 162829?
8
What is the hundreds digit of 10766?
7
What is the thousands digit of 23577?
3
What is the units digit of 113053?
3
What is the tens digit of 1433?
3
What is the tens digit of 26575?
7
What is the thousands digit of 19385?
9
What is the tens digit of 145?
4
What is the units digit of 1219?
9
What is the hundreds digit of 5132?
1
What is the tens digit of 2852?
5
What is the tens digit of 819?
1
What is the thousands digit of 54889?
4
What is the units digit of 71614?
4
What is the thousands digit of 3414?
3
What is the ten thousands digit of 10151?
1
What is the units digit of 1027?
7
What is the thousands digit of 1299?
1
What is the tens digit of 32030?
3
What is the hundreds digit of 6740?
7
What is the thousands digit of 2476?
2
What is the units digit of 875?
5
What is the hundreds digit of 271?
2
What is the thousands digit of 21190?
1
What is the thousands digit of 81308?
1
What is the hundreds digit of 7011?
0
What is the tens digit of 20788?
8
What is the hundreds digit of 4314?
3
What is the tens digit of 17235?
3
What is the units digit of 2455?
5
What is the ten thousands digit of 118809?
1
What is the units digit of 644?
4
What is the thousands digit of 14053?
4
What is the thousands digit of 23209?
3
What is the hundreds digit of 1146?
1
What is the tens digit of 36336?
3
What is the tens digit of 1091?
9
What is the units digit of 33592?
2
What is the tens digit of 788?
8
What is the ten thousands digit of 39383?
3
What is the tens digit of 297?
9
What is the tens digit of 836?
3
What is the thousands digit of 1160?
1
What is the units digit of 529?
9
What is the units digit of 566?
6
What is the units digit of 10730?
0
What is the units digit of 23443?
3
What is the units digit of 10043?
3
What is the hundreds digit of 7665?
6
What is the thousands digit of 7113?
7
What is the hundreds digit of 470?
4
What is the hundreds digit of 24367?
3
What is the thousands digit of 8070?
8
What is the units digit of 50628?
8
What is the hundreds digit of 1855?
8
What is the thousands digit of 11493?
1
What is the units digit of 103067?
7
What is the units digit of 894?
4
What is the hundreds digit of 14473?
4
What is the ten thousands digit of 16227?
1
What is the units digit of 23804?
4
What is the hundreds digit of 11093?
0
What is the thousands digit of 4699?
4
What is the tens digit of 8204?
0
What is the tens digit of 17089?
8
What is the thousands digit of 2922?
2
What is the tens digit of 4969?
6
What is the hundreds digit of 1618?
6
What is the units digit of 27247?
7
What is the hundreds digit of 8014?
0
What is the tens digit of 883?
8
What is the tens digit of 13091?
9
What is the hundreds digit of 1041?
0
What is the hundreds digit of 3296?
2
What is the tens digit of 7356?
5
What is the units digit of 73933?
3
What is the ten thousands digit of 78336?
7
What is the ten thousands digit of 12748?
1
What is the tens digit of 155?
5
What is the tens digit of 17980?
8
What is the thousands digit of 148488?
8
What is the thousands digit of 102131?
2
What is the hundreds digit of 960?
9
What is the units digit of 3364?
4
What is the hundreds digit of 469?
4
What is the thousands digit of 24685?
4
What is the units digit of 6532?
2
What is the units digit of 27565?
5
What is the thousands digit of 8477?
8
What is the thousands digit of 34890?
4
What is the units digit of 546?
6
What is the hundreds digit of 35729?
7
What is the thousands digit of 16819?
6
What is the tens digit of 948?
4
What is the hundreds digit of 707?
7
What is the tens digit of 2403?
0
What is the ten thousands digit of 126656?
2
What is the units digit of 915?
5
What is the thousands digit of 1253?
1
What is the tens digit of 1294?
9
What is the tens digit of 3061?
6
What is the thousands digit of 22711?
2
What is the units digit of 445?
5
What is the hundreds digit of 28484?
4
What is the units digit of 1795?
5
What is the units digit of 1965?
5
What is the units digit of 2546?
6
What is the tens digit of 481?
8
What is the units digit of 1091?
1
What is the units digit of 64686?
6
What is the 